2*i = -32 - b. What is the remainder when i is divided by 25?
24
Suppose 5*o + 4*b + 97 - 277 = 0, 3*b = -4*o + 145. Let u be 288/o - 7 - 294/(-5). Let a = 90 - u. Calculate the remainder when a is divided by 17.
14
Let c = 15 - 14. Calculate the remainder when 22 is divided by c - -3 - (4 - 4).
2
What is the remainder when (23276/10)/(106/265) is divided by 97?
96
Calculate the remainder when 6/24 + 11*(-8)/(-32)*529 is divided by 183.
174
Suppose -521*b + 4862 = -334*b. Calculate the remainder when 1148 is divided by b.
4
Let w = -162 + 173. Suppose -y = 0, -65 = -p - 0*p + 5*y. Calculate the remainder when p/4 - (-2)/(-8) is divided by w.
5
Let j be (3/(-6))/((-4)/72). Suppose -j*p - 771 = -12*p. What is the remainder when p is divided by 43?
42
Let l be (21/6 + -1)*-2. Let f(u) = -15*u - 1. What is the remainder when f(l) is divided by (3/2)/(168/2800)?
24
Let v = -1711 - -1921. Calculate the remainder when v is divided by 65.
15
Let t = 189 + -185. Calculate the remainder when 83 is divided by 18/t - 5 - (-102)/4.
8
Suppose 11*d - 13*d - 218 = -4*v, 0 = 5*d - 15. Calculate the remainder when 329 is divided by v.
49
Let q = -1419 + 1430. What is the remainder when 219 is divided by q?
10
Suppose -5*i + 408 = 3*l - 2*l, -l = -3*i + 240. Suppose -5*w + i - 11 = 0. Suppose 2*b = 17*b - 570. What is the remainder when b is divided by w?
10
Let x = 4 - -5. What is the remainder when -35 + (31 - (-414)/23) is divided by x?
5
Let r be (0 - 27)*11468/(-141). Suppose 0 = 77*p - 16*p - r. What is the remainder when 213 is divided by p?
33
Let u(s) be the second derivative of -s**4/12 - 2*s**3 - 10*s**2 + 47*s. Calculate the remainder when u(-4) is divided by 10.
2
Suppose 28*t = 27*t - 4. Let q(j) = 2*j**2 - 8*j - 6. What is the remainder when 112 is divided by q(t)?
54
Let g = 70 - 35. Calculate the remainder when (-346)/(-4) - 116/(-232) is divided by g.
17
Suppose j - y - 195 = 0, -5*j + 2*y - 7*y + 935 = 0. Suppose a - 39 = 3*z, 23 = -21619*a + 21621*a + 5*z. Calculate the remainder when j is divided by a.
23
Let k = -14 + 163. Suppose -i = -4*x - 47 - 116, -i - 3*x + k = 0. What is the remainder when i is divided by 40?
35
Let d(p) = -p**2 - 11*p + 8. Let l be d(-10). Let s = l - 1. Calculate the remainder when (-1316)/(-16) - (-1)/(-4) is divided by s.
14
Let k(u) = -9*u**2 - 401*u - 159. Let d = -42 - -88. What is the remainder when k(-44) is divided by d?
15
What is the remainder when (6234128/(-64))/(-19) + ((-27)/(-12) - 2) is divided by 57?
54
Let o = 181 + -94. Suppose -3*f = -o + 57. Calculate the remainder when 259 is divided by f.
9
Let w(g) be the second derivative of g**5/20 + 53*g**4/12 + 25*g**3 + 15*g**2/2 - 13*g + 1. What is the remainder when w(-50) is divided by 6?
3
Let v(m) = -m**3 - 51*m**2 + 50*m + 380. What is the remainder when v(-52) is divided by 237?
10
Let p = -6988 + 7000. Calculate the remainder when 3794/6 - 2/(-3) is divided by p.
9
Let m(t) = 3*t**2 - 3*t - 6. Let f be m(-3). Suppose 5*l = -20, -2*v + f = v + 3*l. Calculate the remainder when ((-1)/2)/(14/28)*-54 is divided by v.
12
Suppose 0 = 54*a - 43*a + 79*a - 58590. Calculate the remainder when a is divided by 323.
5
Suppose -3*i + 6 = 0, 0*z - 4*i = 2*z - 24. Let o(r) = -6*r - 7. Let l be o(-8). Suppose -3*f - z = -l. What is the remainder when f is divided by 4?
3
Suppose 5*t - 5*x - 25 = 0, -2*t + 10 = -3*t - 4*x. What is the remainder when 13 is divided by -2 + 20/3*3/t?
5
Let m(f) be the first derivative of -23/3*f**3 + 33*f - 12 - 1/4*f**4 + 51/2*f**2. Calculate the remainder when 55 is divided by m(-25).
7
What is the remainder when 987 is divided by 216/168 + 84/(-49) + (-2820)/(-14)?
183
Let i(g) = -3*g + 35. Suppose j = 5*s + 103, 3*j - s = 44 + 195. Suppose -3*t + j = 3*t. What is the remainder when i(-4) is divided by t?
8
Let z = -105 + 103. Let c be -1*z*(-5)/10. Let i(u) = -19*u. What is the remainder when i(c) is divided by 3?
1
Suppose 739 = 7*g - 724. Suppose -3*b - g = -5*k + 109, 5*b = 2*k - 112. What is the remainder when k is divided by 28?
10
Let y(s) = 10*s + 5. Let w(p) = 19*p + 152. Let x(g) = -18*g - 154. Let j(k) = -5*w(k) - 4*x(k). What is the remainder when y(6) is divided by j(-7)?
14
Let l = 11 + 8. Suppose 5*a = -2*x - l, -2*x + 5*a + 25 = -7*x. Let f(c) = -47*c**3 - c**2 - 3*c - 1. What is the remainder when f(x) is divided by 63?
62
Let m(q) = 149*q**2 - 6*q + 5. Let y be m(-3). Let d = y - 1348. What is the remainder when -20*(-2 + (-4)/5) is divided by d?
8
Let q(d) = 16*d**2 - d + 6. Let l be q(3). Let s = -100 + l. What is the remainder when 269 is divided by s?
34
Let t(w) = 10*w**2 - 315*w - 68. What is the remainder when t(34) is divided by 6?
2
Let o = 963 - 693. Suppose -2*q - 7 = -2*p + 121, -4*p - 3*q = -o. Calculate the remainder when 196 is divided by p.
64
Suppose 9*q - 4*b - 48 = 5*q, 3*b = -q + 12. Suppose 8*k = q*k - y - 87, 3*y = 15. Calculate the remainder when 96 is divided by k.
4
Let s(z) = -32*z - 160. Let t be s(-6). Suppose -3*l = -t*l + 1711. What is the remainder when l is divided by 5?
4
Let h = 13493 + -13256. Calculate the remainder when 1171 is divided by h.
223
Let c(s) = -s**2 + 74*s - 925. What is the remainder when 527 is divided by c(21)?
151
Let a = 353 + -348. Suppose 4*b = a*x + 1955, -3*b - x = -6*x - 1470. Calculate the remainder when b is divided by 61.
58
Let p(a) = 35*a + 5080. Suppose -2*i = -68 - 14. Calculate the remainder when i is divided by p(-145).
1
Suppose 3431 = 28*h - 5053. Let x = -283 + h. Calculate the remainder when 59 is divided by x.
19
Let q(t) = -4*t - 3. Let i = -131 - -134. Suppose g = n - 61, i*n - 193 + 20 = -2*g. What is the remainder when n is divided by q(-6)?
17
Suppose -s + 3740 = 5*m + 10*s, -m = -5*s - 712. Calculate the remainder when m is divided by 166.
73
Suppose -328*h - 5917 = -425*h. Calculate the remainder when 241 is divided by h.
58
Suppose 0 = 4*u + 4, 5*o = -3*u + 2*u + 74. Let n be (-5532)/(-15) - (56/10)/7. Suppose -n*s + 130 = -363*s. Calculate the remainder when s is divided by o.
11
Let b = 2625 - 2316. Calculate the remainder when b is divided by 273.
36
Let a(g) = -17*g + 832. What is the remainder when a(17) is divided by 39?
36
Calculate the remainder when 19*(9 + -2 + 8) is divided by 54.
15
Let o = -740 + 496. Let a = 318 + o. Calculate the remainder when a is divided by -19*1*(-1)/1.
17
Let n = -103 + 109. Suppose -5*x = -2*b - 670, 2*b - 252 = -2*x + n*b. Calculate the remainder when x is divided by 23.
21
Let h = 30088 - 29676. Calculate the remainder when h is divided by 146.
120
Suppose -c + 4856*l - 4855*l + 250 = 0, 8 = -l. Suppose -5*d + 136 + 109 = 0. What is the remainder when c is divided by d?
46
Suppose 106*s - 9022 = 9846. What is the remainder when 534 is divided by s?
0
Suppose 1662 = 5*y + 3*s, 33*y - 29*y - 2*s = 1356. What is the remainder when y is divided by 208?
128
Suppose 84 = 2*k + 4*d, -3*k - 2*d + 94 = -32. Let q = -33 + 10. Let o = k + q. What is the remainder when o is divided by 10?
9
Suppose 36*z + 32138 = 79010. Suppose -z = -4*n - 1222. Calculate the remainder when 57 is divided by n.
17
Let q(y) = -3 - 2 + 10 + 12*y + 9*y. What is the remainder when q(7) is divided by 52?
48
Let c(b) = 217*b - 13. Let w be c(1). Let k = 273 + w. Calculate the remainder when k is divided by 10.
7
Suppose -2062 = -2*u - b, 4*u - 4*b = 5040 - 904. Let v = u - 1005. Let l = -5 - -12. What is the remainder when v is divided by l?
6
Suppose -34 = -8*l - 354. Let u = l - -194. What is the remainder when u is divided by 52?
50
Suppose -13*m + 2*m = -77. Suppose -2*p = 6 + 4, 0 = i + p - 17. Calculate the remainder when i is divided by m.
1
Let a = -43 + 45. Suppose 138 = -4*z + a*u, -z + 3*u - 38 = -u. Let v = z + 112. What is the remainder when v is divided by 16?
14
Let u = 70 - 43. Let n = 89 - 29. Calculate the remainder when u is divided by (7/14)/(2/n).
12
Suppose -2*z + 18*z - 768 = 0. What is the remainder when z is divided by 11 + ((-8)/(-6))/((-2)/9)?
3
Let s(a) = 2*a**2 + 14*a - 40. Let w be s(-10). Suppose 0 = w*f - 12*f - 40. Let n = -14 - -32. What is the remainder when n is divided by f?
3
Calculate the remainder when 81 is divided by ((-5 - -4) + 15)/((-9)/(-2) - 4).
25
Let m = 489 - 205. What is 